 = -k**3 + 10*k**2 + 118*k + 46. Determine b(17).
29
Let t(s) = 48035*s + 480229. What is t(-10)?
-121
Let c(q) = 491*q**2 + 2477*q + 144. Give c(-5).
34
Let p(z) = 15321*z - 90880. Give p(6).
1046
Let m(t) = -4891*t + 2812315. Give m(575).
-10
Let o(q) = -57*q + 5289. Determine o(87).
330
Let h(w) = 4*w**3 - 28173*w**2 + 28173*w - 1. Determine h(1).
3
Let y(x) = -9*x**2 - 27*x - 436. What is y(-12)?
-1408
Let q(s) = -s**2 - 6811*s - 47636. What is q(-7)?
-8
Let z(o) = o**2 + 100*o + 2345. Determine z(-38).
-11
Let s(b) = 3562*b + 28401. Give s(-8).
-95
Let p(c) = -999*c - 7003. Give p(-7).
-10
Let n(h) = -1991*h - 2074. What is n(-1)?
-83
Let j(k) = 91*k + 1057. Calculate j(-3).
784
Let s(f) = -25*f**2 + 326*f + 2886. Give s(-9).
-2073
Let o(v) = -51*v**2 + 46*v + 122. Determine o(2).
10
Let k(l) = -18662*l**2 - 111970*l + 17. Give k(-6).
5
Let c(b) = -3*b**2 - 278*b - 1031. What is c(-90)?
-311
Let h(j) = -1903*j**2 + 5730*j - 75. Give h(3).
-12
Let a(o) = -5744*o - 74578. Give a(-13).
94
Let f(i) = -i**3 - 62*i**2 - 154*i - 5514. Determine f(-61).
159
Let c(i) = i**3 - 43*i**2 + 270*i + 227. Calculate c(9).
-97
Let k(u) = -u**2 - 1619*u + 261518. Give k(148).
2
Let j(h) = -2*h**2 - 751*h + 2753. Determine j(0).
2753
Let n(y) = -204*y - 31329. Give n(-154).
87
Let q(t) = 1178*t - 3348. Calculate q(3).
186
Let u(m) = -30641*m + 275769. Calculate u(9).
0
Let p(a) = -42*a**2 - 29*a - 53. Give p(4).
-841
Let u(a) = a**2 - 1122*a - 23705. Give u(-21).
298
Let u(q) = 3*q**2 - 303*q - 25. Calculate u(101).
-25
Let p(g) = 88*g**2 + 47*g - 928. Calculate p(3).
5
Let k(p) = 6*p**3 - 225*p**2 - 361*p + 411. What is k(39)?
21
Let r(i) = 3*i**3 + 1048*i**2 + 1393*i + 330. Calculate r(-348).
-18
Let b(m) = -11*m**2 + 448*m - 7429. Calculate b(17).
-2992
Let m(t) = 24*t**2 + 3290*t - 943. Give m(-137).
-1217
Let s(b) = b**2 - 986646*b + 3946571. Calculate s(4).
3
Let c(v) = -48*v**3 + 11943*v**2 + 2242*v - 214. Calculate c(249).
35
Let d(y) = 9*y**2 + 6528*y + 13118. Give d(-2).
98
Let d(y) = 36*y**2 + 959*y - 956. Determine d(-28).
416
Let q(h) = 17*h**3 - 8*h**2 - 179*h - 322. Determine q(-5).
-1752
Let m(v) = 4134*v + 20335. What is m(-5)?
-335
Let i(c) = 29*c**3 - 12964*c**2 + 489*c - 18768. Calculate i(447).
6
Let b(g) = g**2 - 3145*g + 1542492. Determine b(608).
-4
Let p(f) = 19*f**2 + 737*f + 3657. Determine p(-5).
447
Let z(s) = 1018*s + 996. What is z(-1)?
-22
Let y(q) = 3*q**3 - 98*q**2 + 642*q + 2288. Calculate y(15).
-7
Let k(r) = 2*r**3 - 48*r**2 - 4136*r - 189. What is k(-35)?
21
Let d(b) = 726*b**2 - 955*b + 183. Calculate d(1).
-46
Let m(k) = -3*k**3 - 50*k**2 - 279*k - 3943. Give m(-16).
9
Let m(j) = 30*j**2 + 931*j + 6546. Calculate m(-20).
-74
Let z(g) = g**3 - 170*g**2 - 331*g + 829. Give z(172).
3065
Let w(j) = 145*j + 6353. Give w(-43).
118
Let c(y) = -9646*y - 19134. Calculate c(-2).
158
Let y(f) = f**3 + 250*f**2 + 14689*f + 3905. Give y(-156).
5
Let v(m) = m**3 - 885*m**2 - 9848*m + 18. Calculate v(-11).
-70
Let o(t) = 54*t + 6678. Calculate o(-110).
738
Let f(b) = 597*b - 5743. What is f(14)?
2615
Let u(z) = 26466*z - 105855. Determine u(4).
9
Let m(j) = -2531*j - 179683. Calculate m(-71).
18
Let q(i) = -9*i**2 + 5*i + 207. Calculate q(-5).
-43
Let u(h) = 39*h**2 - 3655*h + 275. What is u(94)?
1309
Let q(g) = 4*g**3 - 24*g**2 + 5351*g - 26742. Determine q(5).
-87
Let m(k) = -5*k**2 - 626*k - 11814. What is m(-102)?
18
Let s(t) = -10*t**2 - 509*t + 382. Calculate s(-51).
331
Let f(n) = -11*n**3 + 37*n**2 - 224*n + 46. Determine f(5).
-1524
Let t(i) = 43*i**3 + 432*i**2 + 7*i - 195. Calculate t(-10).
-65
Let y(i) = i**3 + 128*i**2 + 1133*i + 63715. What is y(-123)?
1
Let s(h) = 4519*h + 1590667. What is s(-352)?
-21
Let q(y) = 8*y**2 - 13091*y + 609933. Give q(48).
-3
Let j(i) = 1640*i**2 + 239430*i - 1455. Calculate j(-146).
5
Let g(z) = -z**2 - 16*z + 1311. Determine g(29).
6
Let c(g) = -343*g + 85147. Calculate c(248).
83
Let k(t) = 2557*t + 2521201. Calculate k(-986).
-1
Let l(g) = -25*g**2 + 302*g + 1656. Give l(-4).
48
Let a(h) = 11*h**3 + 167*h**2 - 529*h + 565. Give a(-18).
43
Let l(g) = -g**3 - 20*g**2 - 6434*g - 128791. Determine l(-20).
-111
Let b(y) = -y**3 + 66*y**2 + 385*y + 138. Determine b(71).
2268
Let z(g) = -2*g**3 + 724*g**2 + 8189*g + 6385. Calculate z(373).
44
Let n(m) = -592843*m + 4149916. Calculate n(7).
15
Let o(d) = -193446*d - 773861. What is o(-4)?
-77
Let h(j) = -76*j**2 - 269*j - 166. What is h(-2)?
68
Let q(s) = s**3 + 31*s**2 + 222*s - 287. Determine q(-13).
-131
Let s(y) = -63*y + 6667. Give s(99).
430
Let s(j) = -335*j**2 + 16080*j - 11. Determine s(48).
-11
Let t(c) = -58*c**2 - 1291*c + 51725. Determine t(-43).
-4
Let d(v) = v**3 + 156*v**2 + 407*v + 88556. Determine d(-157).
8
Let o(a) = 2*a**3 + 32*a**2 + 12*a + 140. Calculate o(0).
140
Let m(n) = -n**3 + 321*n**2 - 165*n + 52935. What is m(321)?
-30
Let p(o) = 1631*o + 5521. Calculate p(-4).
-1003
Let r(p) = 299*p**3 + 7143*p**2 - 785*p + 153. Determine r(-24).
-15
Let n(o) = 3028*o + 2697949. What is n(-891)?
1
Let s(l) = l**3 - 52*l**2 - 31*l + 19060. Calculate s(27).
-2
Let n(v) = -5*v**2 - 71*v + 8512. Determine n(-49).
-14
Let a(f) = 139*f + 12996. Give a(-92).
208
Let a(l) = -2317*l - 7100. Determine a(-3).
-149
Let u(q) = -3*q**2 - 133*q + 2403. Give u(15).
-267
Let q(p) = 2239*p + 551640. Give q(-246).
846
Let n(r) = -2539*r + 96757. Determine n(38).
275
Let l(s) = -4321*s - 172865. Determine l(-40).
-25
Let f(i) = 5839*i**2 + 134294*i - 57. What is f(-23)?
12
Let c(z) = z**3 + 72*z**2 + 32*z + 13351. Determine c(-74).
31
Let i(k) = 3*k**3 + 316*k**2 - 230*k + 357. Give i(-106).
2265
Let k(o) = 18*o**2 + 61*o - 128. Give k(-9).
781
Let l(s) = 3705047*s + 51870660. What is l(-14)?
2
Let y(s) = -45*s**2 - 4557*s - 31827. Calculate y(-7).
-2133
Let x(o) = -2*o**2 - 3661*o + 85264. Determine x(23).
3
Let z(x) = -x**3 + 353*x**2 + 1417*x - 21. What is z(-4)?
23
Let f(o) = -2*o**3 + 2525*o**2 - 97807*o + 277. Calculate f(40).
-3
Let q(c) = 14*c**2 + 130*c + 325. Give q(-11).
589
Let k(u) = -19*u**3 - 12*u**2 + 721*u + 723. Give k(-1).
9
Let m(u) = -514354*u - 4629179. What is m(-9)?
7
Let y(i) = -3*i**3 - 761*i**2 - 498*i + 2009. What is y(-253)?
-15
Let r(j) = -3898*j**2 - 113040*j + 73. Determine r(-29).
15
Let u(i) = i**3 + 56*i**2 + 316*i + 96. What is u(-50)?
-704
Let j(w) = 7605*w - 121701. Calculate j(16).
-21
Let b(g) = -100*g**2 - 606*g + 1211. Determine b(2).
-401
Let w(v) = -108*v**2 + 19*v - 18. Give w(-4).
-1822
Let t(k) = -k**3 - 255*k**2 + 55827*k + 1290. Calculate t(141).
21
Let w(m) = -2432*m**2 - 45*m - 63. Give w(-1).
-2450
Let q(g) = -g**2 + 111215*g - 778452. What is q(7)?
4
Let i(y) = -y**3 + 9*y**2 - 4*y - 40. Determine i(5).
40
Let g(m) = 4*m**2 - 183*m - 583. Give g(-3).
2
Let f(v) = -13883*v + 874631. Give f(63).
2
Let k(r) = 3*r**2 + 619*r + 31933. Give k(-101).
17
Let a(m) = 2*m**3 + 160*m**2 + 257*m + 8016. Determine a(-79).
195
Let d(r) = 1315*r**2 - 11843*r + 39. What is d(9)?
-33
Let v(m) = 46*m - 5698. What is v(121)?
-132
Let d(z) = -2*z**3 + 191*z**2 + 66*z + 3918. Determine d(96).
1038
Let h(l) = 223*l + 19983. Give h(-90).
-87
Let x(v) = -1269*v + 101536. Determine x(80).
16
Let v(y) = y**3 + 1066*y**2 + 3766*y - 511874. What is v(-1062)?
10
Let f(l) = l**3 - 25*l**2 + 145*l - 2417. Give f(16).
-2401
Let t(g) = -27*g**2 + 1390*g - 139. What is t(54)?
-3811
Let d(u) = -154475*u + 926849. What is d(6)?
-1
Let s(f) = -f**2 + 95401*f + 667854. Determine s(-7).
-2
Let h(g) = -22379*g - 246123. What is h(-11)?
46
Let r(d) = -60*d**2 + 661*d - 1806. Determine r(5).
-1
Let f(y) = -y**2 - 566*y - 8248. Give f(-15).
17
Let h(m) = 143*m + 8649. Calculate h(-66).
-789
Let c(u) = 14*u**2 - 388*u - 1498. What is c(-4)?
278
Let l(b) = 13*b**2 + 1853*b + 65037. What is l(-80)?
-3
Let h(l) = -18008*l + 18051. What is h(1)?
43
Let y(n) = -n**3 - 70*n**2 - 777*n + 418. Give y(-56).
26
Let b(v) = v**3 - 5*v**2 + 12*v + 314. What is b(0)?
314
Let r(l) = 5*l**2 - 158*l - 23408. Determine r(86).
-16
Let p(s) = s**3 + 304*s**2 + 21814*s + 677. Give p(-116).
-19
Let k(f) = -190*f - 27496. Give k(-145).
54
Let t(i) = i**3 - 51*i**2 - 124*i + 534. Give t(53).
-420
Let x(w) = -323*w + 1201. Determine x(6).
-737
Let t(u) = u**3 